 be (20*(-5)/(-20))/1. Suppose 4*n - d = -f*n. What is the remainder when 36 is divided by n?
10
Let z be ((-58)/10 - -6) + 108/10. Suppose -4*y + z = -9. What is the remainder when 22 is divided by y?
2
Suppose -24 = -0*z - 4*z. Suppose 3*p - z = 24. Suppose 0 = -11*l + 33 - 0. What is the remainder when p is divided by l?
1
Let l(x) = -28*x**2 + 126*x - 15. Calculate the remainder when 61 is divided by l(4).
20
Let z be (-1370)/(-15)*3/2. Let j = -32 + z. Suppose 6*d - j = 33. Calculate the remainder when d is divided by 6.
5
Let i = 29 - 38. Let w be i/(-24) - 186/(-16). Suppose w = -4*c, 4*o - o - c = 87. Calculate the remainder when o is divided by 16.
12
Let i(j) = -7*j - 11. Let w be (-9 + 5)/(-6 + 7). What is the remainder when 53 is divided by i(w)?
2
Let f(b) = 25*b**2 + 699*b - 9. Calculate the remainder when 891 is divided by f(-28).
17
Suppose -20*i + 3356 + 9474 = -2510. What is the remainder when i is divided by 180?
47
Let h(u) be the first derivative of 2*u**3/3 + 5*u**2/2 - 3*u - 3. What is the remainder when 88 is divided by h(3)?
28
Let t be ((-4)/22)/((-10)/1430). Suppose 3*g = 2*c - t, 3*g + 17 = 23. Calculate the remainder when c is divided by 7.
2
Let l = 18318 - 13798. What is the remainder when l is divided by 1506?
2
Let s be (-10 - -5 - -2)*488/(-12). Suppose 133*c = s*c + 308. What is the remainder when 53 is divided by c?
25
Suppose 0 = h - 4*j - 7399, 11*h = 8*h - j + 22093. Calculate the remainder when h is divided by 5.
2
Suppose 0 = -706*n + 672*n + 68. Calculate the remainder when 538 is divided by n.
0
Let a = -1757 + 1832. Calculate the remainder when 225 is divided by a.
0
Let r be 0/(-7)*(-1)/2. Suppose r*d - 31 = -3*b + 2*d, 0 = -b - d + 7. Let y(v) = v**2 - 28*v + 19. What is the remainder when y(28) is divided by b?
1
Suppose 5*b - 8*l = -5*l + 200, -2*l = 3*b - 101. Suppose 0*p = -5*p + 70. What is the remainder when b is divided by p?
9
Let b = 30522 + -15819. What is the remainder when b is divided by 17?
15
Let x = -10187 - -14812. What is the remainder when x is divided by 52?
49
Let x(g) = g. Let b be x(2). What is the remainder when 331/7 - b/7 is divided by 1593/354*26/9?
8
Let s(k) = 37*k**2 + 73*k - 522. Calculate the remainder when s(7) is divided by 252.
38
Let t be (-2)/(-9) - 52*(-3)/27. Suppose 5 = h, -t*h + 509 = 3*n - 5*h. Calculate the remainder when n is divided by 57.
54
Suppose 2*b - 35 = -t, -3*b - 4*t + 9 = -36. Calculate the remainder when 207 is divided by b.
17
Suppose -24 + 819 = -15*m. Let d = m - -53. Suppose d = -7*r - 11 + 144. Calculate the remainder when r is divided by 8.
3
Let f = -1158 + 625. Let a = -474 - f. What is the remainder when 229 is divided by a?
52
Suppose 5*d = -m - 10 + 35, -m - 2*d + 16 = 0. Let l(k) = 97*k**2 - 8*k + 23. Let p be l(2). Let h = p - 328. What is the remainder when h is divided by m?
7
Let l = 196 + -38. Let q = -127 + l. Calculate the remainder when q is divided by 8.
7
Let i(p) = 292*p - 2115. Calculate the remainder when 453 is divided by i(8).
11
Suppose -8*i + 5*i - 4*w = -17, 0 = -w - 1. Let n = 67 - 48. What is the remainder when n is divided by i?
5
Suppose u = -4*i + 57, 0*u = -3*i + 2*u + 51. Suppose -12540 = 705*x - 870*x. What is the remainder when x is divided by i?
1
Let d = 254 + -182. Suppose 71*m = d*m - 89. Calculate the remainder when m is divided by 15.
14
Suppose 270 = -2*r + 11*r. Suppose -r*g = -22*g - 88. Calculate the remainder when 305 is divided by g.
8
Let n = 6724 + -6302. What is the remainder when n is divided by 46?
8
What is the remainder when 165 is divided by -6*68/(-6)*105/70?
63
Suppose 3*w + 5*t = 617, 2*t + 0*t + 866 = 4*w. What is the remainder when 833 is divided by w?
191
Let z(k) = 161*k + 4. Let t be z(-2). Let v = -216 - t. Let d(j) = -3*j**2 + 14*j + 13. What is the remainder when v is divided by d(4)?
18
Suppose 0*f - 6*f = 48. Let z be (-509)/(-5) - f/40. Suppose -3*n - 41 = -o, 5*o - z = 2*o + 2*n. What is the remainder when 123 is divided by o?
27
Let q be 0/(-3 - (-5)/1). Suppose q = 5*x - 69 + 9. What is the remainder when x is divided by 8?
4
Let d(h) = -h**2 - 271*h - 2570. What is the remainder when 309 is divided by d(-10)?
29
Let j = 103 + -86. Let k(l) = -67*l**2 - l. Let c be k(-1). Let w = c + 99. Calculate the remainder when w is divided by j.
16
Let s = 139 + -134. Let c = 2 + -10. What is the remainder when (1 - -3)*(-10)/c is divided by s?
0
Let z be (66/(-8))/(66/(-616)). Suppose 70*j + 574 = z*j. What is the remainder when 489 is divided by j?
79
Suppose -2*y + 486 = -3*s, 4*y = 14*s - 10*s + 968. Suppose 120 = -234*n + y*n. Calculate the remainder when 118 is divided by n.
18
Let t be 4/10 + (-63)/(-5). Let h = t + -3. Let r = -530 + 567. What is the remainder when r is divided by h?
7
Suppose 101*m - 207 = 298. Let p be 174/21 + (-2)/7. Suppose q - m*r = 83, -5*q = p*r - 3*r - 265. Calculate the remainder when q is divided by 10.
8
Suppose 126*p - 2839 = -71*p + 2086. What is the remainder when 5973 is divided by p?
23
Let c(h) = h**2 - 3*h - 26. Let g(r) = 4*r - 4. Let y(i) = 21*i - 21. Let j(v) = -33*g(v) + 6*y(v). What is the remainder when j(-8) is divided by c(8)?
12
Suppose 0 = 17*s - 726 - 430. Let d(g) = g + 18. Calculate the remainder when s is divided by d(-11).
5
Suppose 3*h + 6 + 6 = -2*d, 2*d - 4*h - 2 = 0. Let m = 53 + d. Let q(s) = -s**2 + 1716*s + 73849. What is the remainder when m is divided by q(-42)?
11
Let m = -20248 + 20870. What is the remainder when m is divided by 230?
162
Suppose -3*s + 103 = 19. Calculate the remainder when s is divided by 11.
6
Let h(o) = -80 + 2*o - 5*o + 126. Calculate the remainder when 77 is divided by h(8).
11
Suppose -k + 40 = 47. Let h(t) = t**3 + 16*t**2 + 60*t - 6. What is the remainder when h(k) is divided by 4?
3
Suppose 29*j - l = 28*j + 988, -2954 = -3*j + l. What is the remainder when j is divided by 49?
3
Suppose -12*u + 9*u - 6 = 0, 5*s = -4*u + 17. Suppose -m + b = -5*m + 757, -5*m + 940 = -s*b. Let k = 131 - 83. Calculate the remainder when m is divided by k.
45
What is the remainder when 174 is divided by (-7 + -59)*14/(-105)*5?
42
Let t(x) = -x**2 + 25*x + 371. Suppose -3*h - 2*h = -10. Suppose 36 = h*i - 38. What is the remainder when t(32) is divided by i?
36
Let a = 8934 + -8893. Calculate the remainder when 163 is divided by a.
40
Suppose 58*q = 69114 - 11984. What is the remainder when q is divided by 41?
1
Let z(i) = -138*i - 15. Let n be z(-5). Suppose 0 = 3*p - 2*p + 4*y - 232, 3*p + 5*y = n. Calculate the remainder when p is divided by 76.
68
What is the remainder when 187 is divided by ((-46)/(-6 + 4))/(4/8)?
3
Let z(y) = -2*y + 12. Suppose 5*n + 0 - 4 = -b, 0 = -5*b - 5*n - 20. What is the remainder when 42 is divided by z(b)?
18
Suppose -897 - 1481 = -213*n + 3160. What is the remainder when n is divided by 21?
5
Suppose -8*v + 4*v - 40 = -2*p, 48 = 2*p + 4*v. Suppose p = -7*m + 9*m. Calculate the remainder when 65 is divided by m.
10
Suppose -3*u + 0*u = -591. Suppose 497 = 5*r + 2*x, -2*r = -0*x - x - u. What is the remainder when r is divided by 29?
12
Let i(h) be the second derivative of -h**5/20 - h**4/12 - h**3/6 + 2*h**2 - 74*h. What is the remainder when 98 is divided by i(-2)?
8
Suppose 2*x + 17 = -4*v + 5, 3*x + 15 = -5*v. Suppose x = r - 30*r + 957. What is the remainder when 163 is divided by r?
31
Suppose -4 = -3*n + 2. Let t be 6/(-4)*13/(104/560). Let v = 109 + t. What is the remainder when v is divided by n?
0
Let c = -290 + 403. Calculate the remainder when c is divided by ((-4)/(-6))/((-28)/(-2478)).
54
Let g be (-149)/(-6) + 7/42. Suppose 5*t = g, -2*t + 16 = -d + 2*d. What is the remainder when 58 is divided by d?
4
Let m be ((-3)/2)/((-156)/832). Suppose -398 = -m*z - 222. What is the remainder when 105 is divided by z?
17
Let w(c) = c**3 - 51*c**2 + 219*c + 626. What is the remainder when 2997 is divided by w(46)?
117
Suppose 5*h + 138 = 4*x - 1195, 3*h + 996 = 3*x. Let q = -287 + x. What is the remainder when 77 is divided by q?
37
What is the remainder when 3156 is divided by (-210)/20*8/(-15)*(153 - 148)?
20
Suppose 0 = -3*y + 6, 173 - 117 = 2*d - 2*y. Calculate the remainder when 142 is divided by d.
22
Suppose 5*y + 11 = 4*q + 63, -6*y + 4*q = -64. Calculate the r